- 56*l + 52*l - 210, -l - 195 = -5*w. Let t = -328 + 594. Calculate the highest common factor of t and w.
38
Let t = -1285 + 1334. What is the highest common divisor of t and 392?
49
Let t(q) = 9*q - 16. Let p be t(41). Suppose c - 149 = 5*v, 4*c - 2*v - 261 = p. Calculate the greatest common divisor of c and 66.
22
Let k = -3426 + 4752. Calculate the greatest common factor of k and 51.
51
Suppose -289044 = 679*u - 742*u. Calculate the highest common factor of 806 and u.
62
Let r(t) = -t**3 + 15*t**2 - 34*t + 123. Let u be r(8). Let y = -67 - -80. Calculate the highest common factor of u and y.
13
Suppose -2*u - u = 4*d - 171, -5*d + u + 209 = 0. Let c = d - 48. Let a be c/((-12)/(-26))*-2. Calculate the greatest common factor of a and 39.
13
Let c(q) = 10*q**2 - 20*q + 47. Let u be c(3). What is the greatest common divisor of u and 319?
11
Let i(y) = y**2 - 4*y - 32. Suppose -z - 33 = -25. Let k be -7*z/56*(10 + 0). Let s be i(k). What is the highest common divisor of 7 and s?
7
Let a be (-56)/(-3)*(4 - 1). Suppose -3*n - a = -206. Calculate the greatest common factor of n and 10.
10
Suppose 78 = -72*z + 75*z. Suppose -19*i + 19800 = z*i. What is the greatest common factor of i and 264?
88
Let k(y) = 33*y + 92. Let j be k(4). What is the highest common factor of 14 and j?
14
Let u be (132/(-18) + 9)*87. Suppose -4*z + u = z. What is the greatest common divisor of 1305 and z?
29
Let r = 377 - 377. Suppose -5*x + 3*t - t + 31 = r, 0 = 2*x + 4*t + 2. Calculate the greatest common divisor of x and 90.
5
Suppose 5*u + 4*u - 56064 = -7*u. What is the greatest common factor of 48 and u?
48
Let i(u) = -u**2 + 6*u + 3. Let m be i(5). Let p be 5 - -1*(-1 - -12). What is the greatest common factor of p and m?
8
Let h(t) = 2*t + 16. Let i(c) = c + 1. Let f(j) = h(j) - 10*i(j). Let o be f(-5). Suppose -5*n = 3*n - 4048. Calculate the greatest common divisor of n and o.
46
Let q be ((3 - 963)/(-4))/((-13)/(4030/(-15))). What is the highest common factor of q and 160?
160
Let d = 7453 + -7393. Calculate the greatest common divisor of 1280 and d.
20
Suppose 5*h - 2*t - 90 = 0, -5*h + 0*t = -4*t - 80. Suppose 0 = -6*k + 10*k - h. Suppose -i + 225 = 4*i. Calculate the highest common divisor of i and k.
5
Suppose -200*h + 1655 = -182*h - 1909. Calculate the highest common divisor of 1496 and h.
22
Suppose 0 = -17*i + 21*i - 72. Suppose -5*o + 10 = -2*m, 17 = -2*o + 4*m + m. Suppose o*g = -g + 90. What is the highest common divisor of i and g?
18
Let f(b) = 11*b + 1. Let h be f(1). Let s(r) = r**2 - 10*r + 62. Let a be s(13). Suppose 16*x - a = 91. What is the greatest common divisor of h and x?
12
Let j(q) = q**2 - 12*q + 35. Let t be (16 - 1) + (-12 + -4)/4. Let p be j(t). What is the highest common divisor of p and 6?
6
Suppose 3*w - o - 46 = 0, 2*o = -11 + 15. Let p be (-4 - w/(-8))/(2/(-6)). What is the greatest common factor of p and 78?
6
Suppose 5*z - 8*z - 10 = -2*q, 2*z = q - 5. Let m = 0 - -3. Calculate the greatest common divisor of m and q.
1
Suppose 39*k = 4989 - 2961. Let v = -40 - -66. Calculate the greatest common divisor of k and v.
26
Let r(b) = b**3 + 9*b**2 + 3*b. Suppose 3 + 1 = -u - v, 3*u = 4*v - 40. Let n be r(u). What is the greatest common divisor of 10 and n?
10
Suppose m - 12 = 4*u - 4, -4*u - 2*m + 4 = 0. Let p = 3 - u. Suppose -3*s + 6 = 0, -g + 37 + 9 = s. What is the greatest common factor of p and g?
4
Suppose -7*l = -11*l + 316. Let x = -72 + l. Let h(g) = -g**3 + 9*g**2 - 4*g - 22. Let f be h(x). What is the greatest common factor of 6 and f?
6
Let t = 238 - 105. Suppose 13*d = 4*q + 194, 82 = -2*d - 5*q + 95. Calculate the greatest common factor of t and d.
7
Suppose -5 = -2*j - q - 2, 0 = 5*j + 5*q. Suppose j*y - 78 = -4*o, -20 = -y - 2*o + 4. What is the highest common factor of y and 330?
30
Suppose 29 = r - 2*c, 3*r - 160 = -2*r + 5*c. What is the highest common divisor of 4445 and r?
35
Suppose -52510 - 63155 = -11*b. Calculate the highest common divisor of b and 15.
15
Let c be 8*(-1)/(-14) - 500/140. Let p(a) = 39*a**2 - 5*a - 5. Let m be p(c). Calculate the highest common factor of m and 38.
19
Suppose 3*m + 41 = -11*s + 12*s, -3*m = 9. What is the highest common divisor of 1072 and s?
16
Let m(q) = q**2 - 2*q + 10. Let x = -9 + 5. Let p be m(x). Let j = p - 28. What is the greatest common divisor of 42 and j?
6
Suppose -4*f = -4*r - 92, -6*r - f = -3*r + 69. Let k be (r/((-92)/840))/1. What is the highest common factor of k and 30?
30
Let m = -2635 - -2636. What is the greatest common factor of 283 and m?
1
Let k(y) = 41*y**2 + 253*y + 37. Let t be k(-7). Let i = 2 - -23. Calculate the greatest common factor of t and i.
25
Let j(q) = q**3 + 9*q**2 + 7*q - 4. Let o be j(-8). Suppose o*i - 3*w - 48 = 0, i + 2 = 2*w + 19. Calculate the highest common factor of i and 27.
9
Let t = 11457 + -11297. What is the greatest common divisor of 8192 and t?
32
Let d(k) = k**3 - 4*k**2 + 18*k - 20. Let p be d(3). Calculate the highest common divisor of 50 and p.
25
Suppose -412 + 2428 = 112*c. Calculate the highest common divisor of c and 1398.
6
Let p be (-4)/10 + 0 + 282/5. Suppose 0 = 4*b - 3*q, 107*b - 108*b - q = -7. Calculate the greatest common divisor of p and b.
1
Let i(a) = -a**3 - 73*a**2 + 64*a - 664. Let p be i(-74). Calculate the highest common divisor of 76 and p.
76
Let l be 20463/(-11 - -14) + -10 + 5. Calculate the greatest common divisor of 32 and l.
32
Let i be ((-36)/(-16)*32/24)/((-1)/(-13)). Calculate the highest common divisor of i and 21060.
39
Let r(s) = -24*s + 122. Let l be r(5). Let a be 65 + (-14 + 17)/((-3)/l). Suppose 3*v + v - 168 = 0. Calculate the highest common factor of a and v.
21
Let q(w) = -14*w - 6. Let d be q(-4). Suppose -5*h = -5*y + 390, 3*y + 609*h - 178 = 605*h. Calculate the greatest common divisor of y and d.
10
Suppose -98*w + 104*w = 84. Let d(i) = -i - 4. Let q be d(-14). Let v = q - 6. What is the highest common factor of w and v?
2
Suppose 18751*u + 18 = 18754*u. What is the highest common divisor of 861 and u?
3
Let u = -33 - -17. Let g(j) = 6*j + 110. Let x be g(u). What is the highest common factor of 35 and x?
7
Let y be (-11674)/(-104) + (-1)/4. Let t be (-2262)/(-27) - (-4)/18. Let h be 2/(-3*(-4)/t). What is the highest common factor of h and y?
14
Let v(d) = 2*d**3 + 14*d**2 - 83*d**2 - 24*d + 43*d**2. Let c be v(14). Let i be 2 + 3 + 2*1. What is the greatest common divisor of i and c?
7
Let z(b) = -10*b + 9. Let j be z(-20). Let g(u) = u**3 + 3*u**2 - 23*u + 10. Let y be g(5). Calculate the highest common factor of y and j.
19
Suppose -2*c + 32 = 2*p - 4*p, 3*p + 8 = c. Suppose -13*k + 161 = -12*k - 169. What is the highest common divisor of c and k?
10
Let c(s) = -63*s - 6171. Let n be c(-98). Let v(d) = 3*d - 2. Let f be v(-4). Let m be -42*(f/n + 0). What is the highest common divisor of 28 and m?
28
Let d be (-5)/((-125)/380) + ((-198)/15 - -13). Calculate the highest common divisor of 3095 and d.
5
Let g = 79 - 77. Let b(v) = -2*v**g + 0*v + 7*v + 6*v**2 - 3*v**2 - 12. Let c be b(12). What is the greatest common divisor of c and 24?
24
Let n(t) = -9*t - 15. Let q(u) = u - 3. Let d be -1*(2 + 2 + -3). Let w be q(d). Let z be n(w). What is the highest common divisor of 147 and z?
21
Suppose 0 = 4*p - 54 - 66. Suppose -7*u - 2230 = -17*u. Suppose 3*l + 4*n - 78 = 143, u = 3*l + 2*n. What is the highest common divisor of l and p?
15
Suppose 5*k = 4*k - 2. Let l be (2 - -2)/((-2)/1) - k. Suppose l*i + h = -i + 93, 3*i - 2*h = 264. Calculate the highest common divisor of i and 15.
15
Suppose -257*w = -259*w + 80. Calculate the highest common divisor of w and 1310.
10
Let t be (31/62 - (-26)/4)*2. Suppose 0 = -t*z - 633 + 1907. Calculate the greatest common divisor of 7 and z.
7
Let j = 18 + -15. Let p be (-6)/18 + 121/j. Suppose -3*b + 5*q + 2 + 13 = 0, 15 = 3*b + 2*q. Calculate the greatest common divisor of b and p.
5
Let w(n) = n**2 - 6*n - 41. Let o be w(10). Let i be (-38)/(-4)*(o - -37). What is the highest common divisor of i and 18?
18
Let b(t) = 2*t**3 - t**2 - 5*t - 6. Let o be b(6). Suppose -19*f = 11*f - o. Calculate the highest common factor of f and 24.
12
Let r be ((-24)/(-20))/(-1 + (-231)/(-225)). Suppose s = 180 + r. Suppose 7*m + 8*m = s. What is 